 b(z) be the second derivative of 7*z**4/12 + 7*z**3/6 - 53*z**2/2 - 97*z. List the prime factors of b(5).
157
Let u be 42 - ((-3 - -2) + -2). Let c be (108/u)/(6/15). Suppose 215 = c*w - 103. List the prime factors of w.
53
Let f = 16466 - 11437. What are the prime factors of f?
47, 107
Suppose 0 = 2*u - 3518 - 4800. Suppose u = 14*i + 71. What are the prime factors of i?
2, 73
Let r(o) = 5*o**3 + 5*o**2 - 42*o - 10. Let a(d) = -6*d**3 - 5*d**2 + 43*d + 10. Let j(y) = -4*a(y) - 5*r(y). List the prime factors of j(-12).
2, 281
Suppose 0 = -10*x - 25*x + 1823535. What are the prime factors of x?
3, 7, 827
Suppose p - 5*f = -1173 + 157, 0 = -p + 2*f - 1007. Let v = p + 1538. What are the prime factors of v?
3, 179
Suppose -121838 = -5*z - 2*g, -5*g + 42880 = 2*z - 5851. What are the prime factors of z?
2, 1523
Let b(v) = 273*v**3 - 3*v**2 + 2*v. Suppose -18*h = -19*h + 1. What are the prime factors of b(h)?
2, 17
Let l(o) = -o**3 - 9*o**2 - 6*o - 8. Let i be l(-6). Let t be (-4)/3 - i/15. Suppose t*p = 2*x + 250, x - 290 = -5*p - x. What are the prime factors of p?
2, 3, 5
Let l = -60 - -50. Let o be (-5)/l*(-7)/(14/(-1112)). Suppose -51*r - o = -52*r. List the prime factors of r.
2, 139
Let h(p) = p. Let o(c) = -63. Let n(a) = 2*h(a) - o(a). What are the prime factors of n(17)?
97
List the prime factors of 13 + (-190)/15 + -1 + (-250976)/(-12).
2, 10457
Let b = 8 - 3. Let g be ((-3)/(-4))/((-48)/(-128)). Suppose -5*x - 3*f = -g*f - 205, -b*x + 5*f = -175. List the prime factors of x.
2, 5
Suppose 3*k = 2*h - 113, -k + 3*h = -5*k - 128. Let g = k - -39. Suppose -g*y + 147 = -109. List the prime factors of y.
2
Let i be 1/(3*2/6) - 6. What are the prime factors of (-10)/i - 5236/(-7)?
2, 3, 5
Let m be (6/(-18))/(1/(-1905)*-5). List the prime factors of (m - -131)*(-323)/(-2).
2, 17, 19
Suppose -45*y = 3*p - 48*y - 15, 0 = p - 5*y - 17. Suppose 55 = p*g + h, g + 78 = 4*g - 3*h. What are the prime factors of g?
3
Let z(f) = 6*f**2 + 12*f - 900. What are the prime factors of z(33)?
2, 3, 5, 67
Let o(v) = -47*v**3 + 7*v**2 - 21*v - 150. List the prime factors of o(-4).
2, 3, 509
Suppose -126*b = -134*b + 16. Suppose 3*p + u - 665 = 0, b*p = -3*u + 6*u + 436. List the prime factors of p.
13, 17
Suppose -9*k + 10862 = -30961. List the prime factors of k.
3, 1549
Let a be -22 + -3*12/(-9). Let d = 23 + a. Suppose 5*p = -d*t + 740, -3*t + 419 = -0*t - 2*p. What are the prime factors of t?
11, 13
Let t(i) = 3*i**3 - 31*i**2 + 40*i + 13. What are the prime factors of t(17)?
6473
Let r(q) = -12*q**3 - 12*q**2 - 31*q - 6. Let p be r(-4). Suppose -c + 308 = -4*d, -2*c + p - 122 = 3*d. What are the prime factors of c?
2, 73
Let t(g) = g - 5. Let a be t(8). Let p be (-1 - -6)*a/5*73. Suppose 4*u = p + 25. List the prime factors of u.
61
Let i = 96 - 101. List the prime factors of (-207 + i)*(1/(-1))/2.
2, 53
Suppose 440*u - 407*u = 1000758. List the prime factors of u.
2, 59, 257
Let x = 53991 - 37852. List the prime factors of x.
16139
Let r(k) = 6*k**3 - 3*k**2 + 5*k - 8. Suppose -7*x = w - 3*x - 20, w - 5*x + 16 = 0. What are the prime factors of r(w)?
2, 3, 29
Let f(m) = 36*m - 156. Let i be f(37). Suppose -214 - 1261 = -5*l - 5*v, 4*l + 3*v - i = 0. List the prime factors of l.
3, 97
Suppose 4*g + 45225 = 9*g + 5*j, -2*j = 4*g - 36170. What are the prime factors of g?
2, 5, 113
Suppose -t = -4*p - 8, 3*p - p = t - 6. Suppose o = -t*o + l + 12, -2*o = -3*l + 3. Suppose -9*j - o*j + 1608 = 0. List the prime factors of j.
2, 67
Suppose 2967735 = 51*t + 108*t. List the prime factors of t.
5, 3733
Suppose -5*n + 2*b - 6824 = -7*n, -5*b = n - 3404. Suppose -7*i - 488 = -n. List the prime factors of i.
2, 11, 19
Suppose -22 = 4*j - 15*j. Suppose 3*d = -3*f + 2280, -j*f - 5*d + 1319 + 192 = 0. List the prime factors of f.
7, 109
Suppose -128079 - 182481 = -60*n. What are the prime factors of n?
2, 647
Let o be ((-2)/(-4))/(-3 + (-45913)/(-15302)). Suppose -4*q + 0*q = b - o, -b + 4*q + 1061 = 0. List the prime factors of b.
3, 359
Let f = 662 - -5. Let l = f - -838. What are the prime factors of l?
5, 7, 43
Let v(u) = u**3 - 14*u**2 - u + 21. Let r be v(14). Suppose -r*t + 6*t = -2. List the prime factors of t*14 + -4 + 16/2.
2
Suppose 239*s - 3*p = 234*s + 35693, -1 = p. What are the prime factors of s?
2, 43, 83
Let x be (-33 - -3)*12/9. Let l = x + -65. List the prime factors of ((-362)/10)/(21/l).
181
Suppose 5*f + 22 = -5*a + 7*f, 4*a + 2*f + 14 = 0. What are the prime factors of ((-30156)/a)/7 + 7?
2, 271
List the prime factors of (-8896 - -27)*(-8)/7.
2, 7, 181
What are the prime factors of 78321/4 + 4/64*-4?
2, 5, 11, 89
Let r = -552 + 393. Suppose -2*k - 562 = 2*q, 1377 = -0*q - 5*q + 2*k. Let x = r - q. List the prime factors of x.
2, 59
Let q(a) = -a**2 - 6*a - 7. Let b(m) = -1. Let l(y) = -6*b(y) + q(y). Let d be l(-5). Let n(j) = j**3 + j**2 + 2*j - 1. What are the prime factors of n(d)?
3, 29
Let t = 6305 + -3721. List the prime factors of t.
2, 17, 19
Let i(w) = 2*w**3 - 5*w**2 + 6*w - 1. Let s be 1/((-2)/146) + 5. Let j = 71 + s. List the prime factors of i(j).
2, 13
Suppose 3*x - 3496 = 5*w, -5*x = 7*w - 3*w - 5765. Suppose -x = 4*q - 333. Let g = -2 - q. List the prime factors of g.
2, 3, 17
Let q(l) = -l**3 - 22*l**2 + 23*l + 75. Let x be q(-23). Suppose -3*k - 2*d + 221 = 0, 12*k + x = 13*k + d. What are the prime factors of k?
71
Let y(d) = 4607*d - 3833. List the prime factors of y(8).
33023
Let h = -20 + 414. Let g = h - -312. What are the prime factors of g?
2, 353
Suppose 7*f - 11*f = 0. Suppose 2*p - 3 + 3 = f. Suppose p = -5*w - 174 + 584. What are the prime factors of w?
2, 41
Suppose 3*p = 12, -5*d - 2*p + 169 = -154. Suppose -4*m - 5*m + d = 0. Suppose 7 = m*r - 42. What are the prime factors of r?
7
Suppose 2*a + 5*u = 1721, a + 3417 = 5*a + 5*u. Suppose -9*y + y + a = 0. What are the prime factors of y?
2, 53
Suppose -4*z + 21 = -2*d - 7, -2*d = -2*z + 18. Let g be 1*(8 + d + 0). Suppose 3 = -4*h + 3*h, 4*l - 428 = -g*h. What are the prime factors of l?
2, 5, 11
Suppose 345*n - 6905796 = 83*n. What are the prime factors of n?
2, 3, 23, 191
Let j be 209/(2/5*(-60)/(-24)). Let y = -147 + j. List the prime factors of y.
2, 31
Let a be (2/4)/(12/48). Suppose -p - 2 = -g - 6*p, -a = -g - p. Suppose -g*v + 54 + 160 = 0. List the prime factors of v.
107
Let x be (-7)/((-112)/(-4728))*-2. Let u = -354 + x. What are the prime factors of u?
3, 79
Suppose -92*y + 232426 = -155773 - 110533. List the prime factors of y.
3, 13, 139
Let p(q) = -16*q + 119. Let c be p(7). List the prime factors of 2/(-14)*-5338 + (-4)/c.
2, 3, 127
Let o = 11055 - -5582. What are the prime factors of o?
127, 131
Let g(x) = 43808*x**2 - 88*x + 87. What are the prime factors of g(1)?
71, 617
Suppose 0 = -35*d + 168248 + 170937. What are the prime factors of d?
11, 881
Let b(l) = -l**2. Let v(u) = -8*u**2 + 3*u - 3. Let o(p) = b(p) - v(p). Let c be (20/8 + -2)*4. List the prime factors of o(c).
5
Suppose -486*d = -477*d - 30645. Suppose d + 4281 = 9*v. What are the prime factors of v?
2, 7, 61
Let b(x) = -7*x**3 - 7*x**2 + 15*x + 18. Let j(g) = -3*g**3 - 4*g**2 + 8*g + 8. Let y(f) = -4*b(f) + 10*j(f). What are the prime factors of y(-10)?
2, 19
Let v(b) = -67*b - 20. Let o be v(-6). Suppose 124 = s - n, -3*s + 0*n = -n - o. List the prime factors of s.
3, 43
Let z(o) = 1426*o + 9697. What are the prime factors of z(-6)?
7, 163
Let h(t) = t**2 - 23*t - 69. Let l be h(26). Suppose 78 = l*m - 111. List the prime factors of m.
3, 7
Suppose 17*o - 304395 = -22*o. List the prime factors of o.
5, 7, 223
Let g(j) = -66*j + 15. Let a be ((-7)/2 + 5)/(3/56). Suppose -a = d + 6*d. What are the prime factors of g(d)?
3, 31
Suppose -2*p = 544*k - 547*k + 33445, -4*p = 3*k - 33469. What are the prime factors of k?
3, 7, 59
Let a(x) = 75*x**2 - 38*x + 1646. List the prime factors of a(26).
2, 25679
Let x = 2881 + 2584. What are the prime factors of x?
5, 1093
Let c = 11 + -22. Let u(m) = m + 15. Let x be u(c). Suppose -314 = -x*h + 5*d + 46, 4*d - 180 = -2*h. What are the prime factors of h?
2, 3, 5
Let j(a) = -4*a + 26. Let n be j(6). List the prime factors of ((-8)/(-4))/n + 165.
2, 83
What are the prime factors of (-132)/88*(1 + (-7954)/6)?
1987
Let f = 94737 - 67085. List th